{"id":667,"date":"2024-09-22T11:46:45","date_gmt":"2024-09-22T09:46:45","guid":{"rendered":"https:\/\/www.editionsmerlin.com\/?page_id=667"},"modified":"2024-10-23T16:35:56","modified_gmt":"2024-10-23T14:35:56","slug":"devis-universitaires","status":"publish","type":"page","link":"https:\/\/www.editionsmerlin.com\/index.php\/devis-universitaires\/","title":{"rendered":"Devis universitaires"},"content":{"rendered":"\n<p class=\"has-white-color has-cool-to-warm-spectrum-gradient-background has-text-color has-background has-link-color has-large-font-size wp-elements-899ea592970f43b30f83be3c83981f61\"><strong>L&rsquo;universit\u00e9 de demain se construit aujourd&rsquo;hui avec les \u00e9ditions Merlin.<\/strong><\/p>\n\n\n\n<p>Choisir notre maison d\u2019\u00e9dition, c\u2019est opter pour un acteur engag\u00e9, respectueux de l\u2019environnement, \u00e0 l\u2019\u00e9coute des besoins sp\u00e9cifiques du milieu universitaire. En travaillant avec nous, vous alliez comp\u00e9titivit\u00e9, responsabilit\u00e9 environnementale et accompagnement personnalis\u00e9. Ensemble, faisons de chaque publication une action pour un avenir durable.<\/p>\n\n\n\n<p class=\"has-medium-font-size\">Contactez-nous par mail : <strong>universite@editionsmerlin.com<\/strong><\/p>\n\n\n\n<p>Nous vous r\u00e9pondrons dans les plus brefs d\u00e9lais. <\/p>\n\n\n\n<p>Vous pouvez aussi nous appeler : <strong>01 87 66 64 63<\/strong><\/p>\n","protected":false},"excerpt":{"rendered":"<p>L&rsquo;universit\u00e9 de demain se construit aujourd&rsquo;hui avec les \u00e9ditions Merlin. Choisir notre maison d\u2019\u00e9dition, c\u2019est opter pour un acteur engag\u00e9, respectueux de l\u2019environnement, \u00e0 l\u2019\u00e9coute des besoins sp\u00e9cifiques du milieu universitaire. En travaillant avec nous, vous alliez comp\u00e9titivit\u00e9, responsabilit\u00e9 environnementale et accompagnement personnalis\u00e9. Ensemble, faisons de chaque publication une action pour un avenir durable. Contactez-nous [&hellip;]<\/p>\n","protected":false},"author":1,"featured_media":0,"parent":0,"menu_order":0,"comment_status":"closed","ping_status":"closed","template":"","meta":{"_editorskit_title_hidden":false,"_editorskit_reading_time":0,"_editorskit_is_block_options_detached":false,"_editorskit_block_options_position":"{}","footnotes":""},"class_list":["post-667","page","type-page","status-publish","hentry"],"jetpack_sharing_enabled":true,"_links":{"self":[{"href":"https:\/\/www.editionsmerlin.com\/index.php\/wp-json\/wp\/v2\/pages\/667","targetHints":{"allow":["GET"]}}],"collection":[{"href":"https:\/\/www.editionsmerlin.com\/index.php\/wp-json\/wp\/v2\/pages"}],"about":[{"href":"https:\/\/www.editionsmerlin.com\/index.php\/wp-json\/wp\/v2\/types\/page"}],"author":[{"embeddable":true,"href":"https:\/\/www.editionsmerlin.com\/index.php\/wp-json\/wp\/v2\/users\/1"}],"replies":[{"embeddable":true,"href":"https:\/\/www.editionsmerlin.com\/index.php\/wp-json\/wp\/v2\/comments?post=667"}],"version-history":[{"count":11,"href":"https:\/\/www.editionsmerlin.com\/index.php\/wp-json\/wp\/v2\/pages\/667\/revisions"}],"predecessor-version":[{"id":713,"href":"https:\/\/www.editionsmerlin.com\/index.php\/wp-json\/wp\/v2\/pages\/667\/revisions\/713"}],"wp:attachment":[{"href":"https:\/\/www.editionsmerlin.com\/index.php\/wp-json\/wp\/v2\/media?parent=667"}],"curies":[{"name":"wp","href":"https:\/\/api.w.org\/{rel}","templated":true}]}}