{"id":614,"date":"2024-08-07T16:07:09","date_gmt":"2024-08-07T14:07:09","guid":{"rendered":"https:\/\/www.editionsmerlin.com\/?page_id=614"},"modified":"2024-08-07T23:07:59","modified_gmt":"2024-08-07T21:07:59","slug":"formulaire-de-participation","status":"publish","type":"page","link":"https:\/\/www.editionsmerlin.com\/index.php\/formulaire-de-participation\/","title":{"rendered":"Formulaire de participation"},"content":{"rendered":"\n<p>Entry form<\/p>\n\n\n\n<h2 class=\"wp-block-heading\">Les seules r\u00e8gles<\/h2>\n\n\n\n<p>Il faut que tu sois r\u00e9ellement l&rsquo;auteur des images. Pour cela, il faut que tu nous envoies le fichier en haute r\u00e9solution et que tu certifies que tu es bien le photographe dans le formulaire. On a h\u00e2te de recevoir tes \u0153uvres d&rsquo;art ! On te recontactera si tu es s\u00e9lectionn\u00e9.<\/p>\n\n\n\n<p><strong>The only rules<\/strong><\/p>\n\n\n\n<p class=\"has-small-font-size\">You must really be the author of the images. To do this, you need to send us the file in high resolution and certify that you are the photographer in the form. We can&rsquo;t wait to receive your works of art ! We&rsquo;ll be in touch if you&rsquo;re selected.<\/p>\n\n\n\n<div class=\"wp-block-media-text is-stacked-on-mobile\"><figure class=\"wp-block-media-text__media\"><video controls src=\"https:\/\/www.editionsmerlin.com\/wp-content\/uploads\/2024\/08\/Enregistrement-de-lecran-2024-08-07-a-16.49.04.mov\"><\/video><\/figure><div class=\"wp-block-media-text__content\">\n<p>Pour plus de simplicit\u00e9, nous souhaitons un lien <a href=\"https:\/\/wetransfer.com\">Wetransfer<\/a> pour r\u00e9ceptionner ton travail. Voici un petit tutoriel pour copier le lien dans notre formulaire.<\/p>\n\n\n\n<p class=\"has-small-font-size\">For simplicity sake, we want a <a href=\"https:\/\/wetransfer.com\">Wetransfer<\/a> link to receive your work. Here is a little tutorial for copying the link into our form.<\/p>\n<\/div><\/div>\n\n\n\n<div class=\"wp-block-contact-form-7-contact-form-selector\">\n<div class=\"wpcf7 no-js\" id=\"wpcf7-f616-o1\" lang=\"fr-FR\" dir=\"ltr\" data-wpcf7-id=\"616\">\n<div class=\"screen-reader-response\"><p role=\"status\" aria-live=\"polite\" aria-atomic=\"true\"><\/p> <ul><\/ul><\/div>\n<form action=\"\/index.php\/wp-json\/wp\/v2\/pages\/614#wpcf7-f616-o1\" method=\"post\" class=\"wpcf7-form init\" aria-label=\"Formulaire de contact\" novalidate=\"novalidate\" data-status=\"init\">\n<fieldset class=\"hidden-fields-container\"><input type=\"hidden\" name=\"_wpcf7\" value=\"616\" \/><input type=\"hidden\" name=\"_wpcf7_version\" value=\"6.1.5\" \/><input type=\"hidden\" name=\"_wpcf7_locale\" value=\"fr_FR\" \/><input type=\"hidden\" name=\"_wpcf7_unit_tag\" value=\"wpcf7-f616-o1\" \/><input type=\"hidden\" name=\"_wpcf7_container_post\" value=\"0\" \/><input type=\"hidden\" name=\"_wpcf7_posted_data_hash\" value=\"\" \/>\n<\/fieldset>\n<p><label> Votre Pr\u00e9nom NOM \/ Your First name LAST NAME<br \/>\n<span class=\"wpcf7-form-control-wrap\" data-name=\"your-name\"><input size=\"40\" maxlength=\"400\" class=\"wpcf7-form-control wpcf7-text wpcf7-validates-as-required\" autocomplete=\"name\" aria-required=\"true\" aria-invalid=\"false\" value=\"\" type=\"text\" name=\"your-name\" \/><\/span> <\/label>\n<\/p>\n<p><label> Si vous avez un compte Instagram ou X \/ If you have an Instagram or X account<br \/>\n<span class=\"wpcf7-form-control-wrap\" data-name=\"IG\"><input size=\"40\" maxlength=\"400\" class=\"wpcf7-form-control wpcf7-text\" aria-invalid=\"false\" value=\"\" type=\"text\" name=\"IG\" \/><\/span> <\/label>\n<\/p>\n<p><label> Votre e-mail \/ Your e-mail<br \/>\n<span class=\"wpcf7-form-control-wrap\" data-name=\"your-email\"><input size=\"40\" maxlength=\"400\" class=\"wpcf7-form-control wpcf7-email wpcf7-validates-as-required wpcf7-text wpcf7-validates-as-email\" autocomplete=\"email\" aria-required=\"true\" aria-invalid=\"false\" value=\"\" type=\"email\" name=\"your-email\" \/><\/span> <\/label>\n<\/p>\n<p><label> Votre message \/ Your message (facultatif\/optional)<br \/>\n<span class=\"wpcf7-form-control-wrap\" data-name=\"your-message\"><textarea cols=\"40\" rows=\"10\" maxlength=\"2000\" class=\"wpcf7-form-control wpcf7-textarea\" aria-invalid=\"false\" name=\"your-message\"><\/textarea><\/span> <\/label>\n<\/p>\n<p><label> Serment Olympique \/ Olympic oath<br \/>\n<span class=\"wpcf7-form-control-wrap\" data-name=\"Engagement\"><span class=\"wpcf7-form-control wpcf7-checkbox wpcf7-validates-as-required\"><span class=\"wpcf7-list-item first last\"><label><input type=\"checkbox\" name=\"Engagement[]\" value=\"Je reconnais \u00eatre l&#039;auteur de(s) image(s) envoy\u00e9es. I acknowledge that I am the author of the image(s) submitted.\" \/><span class=\"wpcf7-list-item-label\">Je reconnais \u00eatre l&#039;auteur de(s) image(s) envoy\u00e9es. I acknowledge that I am the author of the image(s) submitted.<\/span><\/label><\/span><\/span><\/span> <\/label>\n<\/p>\n<p><label> Lien Wetransfer \/ Wetransfer link<br \/>\n<span class=\"wpcf7-form-control-wrap\" data-name=\"wetransfer\"><input size=\"40\" maxlength=\"400\" class=\"wpcf7-form-control wpcf7-text wpcf7-validates-as-required\" aria-required=\"true\" aria-invalid=\"false\" value=\"\" type=\"text\" name=\"wetransfer\" \/><\/span> <\/label>\n<\/p>\n<p><input class=\"wpcf7-form-control wpcf7-submit has-spinner\" type=\"submit\" value=\"Envoyer \/ Submit\" \/>\n<\/p><div class=\"wpcf7-response-output\" aria-hidden=\"true\"><\/div>\n<\/form>\n<\/div>\n<\/div>\n","protected":false},"excerpt":{"rendered":"<p>Entry form Les seules r\u00e8gles Il faut que tu sois r\u00e9ellement l&rsquo;auteur des images. Pour cela, il faut que tu nous envoies le fichier en haute r\u00e9solution et que tu certifies que tu es bien le photographe dans le formulaire. On a h\u00e2te de recevoir tes \u0153uvres d&rsquo;art ! On te recontactera si tu es [&hellip;]<\/p>\n","protected":false},"author":1,"featured_media":0,"parent":0,"menu_order":0,"comment_status":"closed","ping_status":"closed","template":"","meta":{"_editorskit_title_hidden":false,"_editorskit_reading_time":0,"_editorskit_is_block_options_detached":false,"_editorskit_block_options_position":"{}","footnotes":""},"class_list":["post-614","page","type-page","status-publish","hentry"],"jetpack_sharing_enabled":true,"_links":{"self":[{"href":"https:\/\/www.editionsmerlin.com\/index.php\/wp-json\/wp\/v2\/pages\/614","targetHints":{"allow":["GET"]}}],"collection":[{"href":"https:\/\/www.editionsmerlin.com\/index.php\/wp-json\/wp\/v2\/pages"}],"about":[{"href":"https:\/\/www.editionsmerlin.com\/index.php\/wp-json\/wp\/v2\/types\/page"}],"author":[{"embeddable":true,"href":"https:\/\/www.editionsmerlin.com\/index.php\/wp-json\/wp\/v2\/users\/1"}],"replies":[{"embeddable":true,"href":"https:\/\/www.editionsmerlin.com\/index.php\/wp-json\/wp\/v2\/comments?post=614"}],"version-history":[{"count":9,"href":"https:\/\/www.editionsmerlin.com\/index.php\/wp-json\/wp\/v2\/pages\/614\/revisions"}],"predecessor-version":[{"id":647,"href":"https:\/\/www.editionsmerlin.com\/index.php\/wp-json\/wp\/v2\/pages\/614\/revisions\/647"}],"wp:attachment":[{"href":"https:\/\/www.editionsmerlin.com\/index.php\/wp-json\/wp\/v2\/media?parent=614"}],"curies":[{"name":"wp","href":"https:\/\/api.w.org\/{rel}","templated":true}]}}