{"id":356,"date":"2024-02-06T11:59:28","date_gmt":"2024-02-06T10:59:28","guid":{"rendered":"https:\/\/www.editionsmerlin.com\/?page_id=356"},"modified":"2024-10-18T16:36:30","modified_gmt":"2024-10-18T14:36:30","slug":"pole-professionnel","status":"publish","type":"page","link":"https:\/\/www.editionsmerlin.com\/index.php\/pole-professionnel\/","title":{"rendered":"B2B nouvelle g\u00e9n\u00e9ration"},"content":{"rendered":"\n<h2 class=\"wp-block-heading has-text-align-center\">Notre mission : vous faire rayonner !<\/h2>\n\n\n\n<div style=\"height:11px\" aria-hidden=\"true\" class=\"wp-block-spacer\"><\/div>\n\n\n\n<p class=\"has-text-align-justify\" style=\"margin-top:0%;margin-right:0%;margin-bottom:0%;margin-left:0%;padding-top:19px;padding-right:19px;padding-bottom:19px;padding-left:19px\">Vous \u00eates une entreprise, une institution, une collectivit\u00e9 ou bien une association ? Nous vous proposons notre savoir-faire pour confectionner vos id\u00e9es. <strong><span class=\"has-inline-background\" style=\"background-color:#e2fdc7\">Notre c\u0153ur de m\u00e9tier est \u00e0 votre disposition<\/span> <\/strong>pour la r\u00e9alisation de catalogues d&rsquo;expositions, de pr\u00e9sentations, de publications et de revues th\u00e9matiques agr\u00e9ables au toucher et \u00e0 l&rsquo;\u0153il. Nous avons \u00e0 c\u0153ur de garantir une <strong><span class=\"has-inline-background\" style=\"background-color:#e2fdc7\">chaine du papier responsable et locale<\/span><\/strong> pour que vous puissiez vous faire plaisir. Dans le cadre d&rsquo;un <strong><span class=\"has-inline-background\" style=\"background-color:#e2fdc7\">suivi haute couture<\/span><\/strong>, vous pourrez avoir un aper\u00e7u complet de tous les papiers et finitions, avec les diff\u00e9rents types de pelliculage et de toutes les signal\u00e9tiques sur supports souples et rigides. Nous pouvons \u00e9galement vous accompagner pour vos besoins en photographie, papeterie, packaging, goodies, signal\u00e9tique pour que vos \u00e9v\u00e9nements soient impactants. Nous travaillons avec des <strong><span class=\"has-inline-background\" style=\"background-color:#e2fdc7\">artistes photographes reconnus<\/span><\/strong>. Avec nous, vous pouvez opter pour une <strong><span class=\"has-inline-background\" style=\"background-color:#e2fdc7\">production 100% fran\u00e7aise<\/span><\/strong>. Du photocall aux cartons d&rsquo;invitations, en passant par les menus et des brochures, tout est possible pour un \u00e9v\u00e8nement haut de gamme, qu&rsquo;il soit intimiste ou d&rsquo;ampleur. Nos services sont adaptables \u00e0 l&rsquo;envi pour cr\u00e9er des documents et des objets de <strong><span class=\"has-inline-background\" style=\"background-color:#e2fdc7\">haute qualit\u00e9<\/span><\/strong>. Que votre demande soit ponctuelle ou r\u00e9guli\u00e8re (semestrielle ou mensuelle). Nous serons ravis de vous accompagner dans votre processus de rayonnement aussi bien <strong><span class=\"has-inline-background\" style=\"background-color:#e2fdc7\">en fran\u00e7ais<\/span><\/strong> qu&rsquo;<strong><span class=\"has-inline-background\" style=\"background-color:#e2fdc7\">en anglais<\/span><\/strong>. De la conception \u00e0 la livraison, tout est possible ! Nous avons des solutions adapt\u00e9es \u00e0 vos besoins et nous serons ravis d&rsquo;\u00e9laborer pas \u00e0 pas un <strong><span class=\"has-inline-background\" style=\"background-color:#e2fdc7\">devis enti\u00e8rement personnalisable<\/span><\/strong>. Avec nous, vous pouvez vous consacrer sur l&rsquo;essentiel, les \u00e9ditions Merlin s&rsquo;occupent de vous faire rayonner l&rsquo;esprit l\u00e9ger.<\/p>\n\n\n\n<div style=\"height:16px\" aria-hidden=\"true\" class=\"wp-block-spacer\"><\/div>\n\n\n\n<div class=\"wp-block-buttons is-content-justification-center is-layout-flex wp-container-core-buttons-is-layout-a89b3969 wp-block-buttons-is-layout-flex\">\n<div class=\"wp-block-button has-custom-width wp-block-button__width-100 animated fadeIn is-style-fill\"><a class=\"wp-block-button__link has-luminous-dusk-gradient-background has-background wp-element-button\" href=\"https:\/\/www.editionsmerlin.com\/index.php\/demande-de-devis\/\" target=\"_blank\" rel=\"noreferrer noopener\">Faire une demande de devis<\/a><\/div>\n<\/div>\n\n\n\n<div class=\"wp-block-group has-global-padding is-layout-constrained wp-container-core-group-is-layout-b20e84b2 wp-block-group-is-layout-constrained\" style=\"padding-top:60px;padding-right:20px;padding-bottom:60px;padding-left:20px\">\n<div style=\"height:2vh\" aria-hidden=\"true\" class=\"wp-block-spacer\"><\/div>\n\n\n\n<div class=\"wp-block-columns alignwide is-layout-flex wp-container-core-columns-is-layout-612bf1d0 wp-block-columns-is-layout-flex\" style=\"border-style:none;border-width:0px;border-radius:0px;margin-top:10px;margin-bottom:10px\">\n<div class=\"wp-block-column is-layout-flow wp-block-column-is-layout-flow\">\n<div class=\"wp-block-group alignwide animated fadeInUp has-pale-cyan-blue-background-color has-background is-layout-flow wp-container-core-group-is-layout-86684b13 wp-block-group-is-layout-flow\" style=\"border-radius:20px;padding-top:40px;padding-right:40px;padding-bottom:40px;padding-left:40px\">\n<div class=\"wp-block-group has-global-padding is-layout-constrained wp-block-group-is-layout-constrained\">\n<figure class=\"wp-block-image aligncenter size-full is-resized is-style-rounded wp-duotone-unset-1\"><img loading=\"lazy\" decoding=\"async\" width=\"2009\" height=\"2402\" src=\"https:\/\/www.editionsmerlin.com\/wp-content\/uploads\/2024\/09\/image.jpg\" alt=\"\" class=\"wp-image-681\" style=\"aspect-ratio:1.7777777777777777;object-fit:cover;width:254px\" srcset=\"https:\/\/www.editionsmerlin.com\/wp-content\/uploads\/2024\/09\/image.jpg 2009w, https:\/\/www.editionsmerlin.com\/wp-content\/uploads\/2024\/09\/image-600x717.jpg 600w\" sizes=\"auto, (max-width: 2009px) 100vw, 2009px\" \/><\/figure>\n\n\n\n<h2 class=\"wp-block-heading has-text-align-left has-white-color has-text-color has-link-color has-large-font-size wp-elements-bc1cc32a2b62c2d7c33122c43aa4a94c\" style=\"font-style:normal;font-weight:300\">Cas n\u00b0 1 : Un studio engag\u00e9<\/h2>\n<\/div>\n\n\n\n<p class=\"has-text-align-justify has-white-color has-text-color has-link-color wp-elements-9ebbf0a1a36d6abe1f73c1857c909632\">Notre accr\u00e9ditation au 77\u1d49 Festival de Cannes, a permis de nombreuses rencontres fructueuses. Comme avec l\u2019un des plus anciens et plus grands studios de cin\u00e9ma Japonais, la&nbsp;Sh\u014dchiku, qui a fait appel \u00e0 nos services pour produire, dans un d\u00e9lai tr\u00e8s court, des affiches de cin\u00e9ma de grande qualit\u00e9. Que ce soit pour un festival ou pour tout autre \u00e9v\u00e8nement, nous pouvons r\u00e9pondre \u00e0 tous les besoins en termes de papeterie ou de signal\u00e9tique pour charmer aussi bien vos clients que votre public.<\/p>\n<\/div>\n<\/div>\n\n\n\n<div class=\"wp-block-column is-layout-flow wp-block-column-is-layout-flow\">\n<div class=\"wp-block-group alignwide animated fadeInUp has-background-color has-vivid-cyan-blue-background-color has-text-color has-background is-layout-flow wp-container-core-group-is-layout-86684b13 wp-block-group-is-layout-flow\" style=\"border-radius:20px;padding-top:40px;padding-right:40px;padding-bottom:40px;padding-left:40px\">\n<figure class=\"wp-block-image aligncenter size-full is-resized is-style-rounded\"><img loading=\"lazy\" decoding=\"async\" width=\"2560\" height=\"1707\" src=\"https:\/\/www.editionsmerlin.com\/wp-content\/uploads\/2024\/09\/IMG_7910-scaled.jpg\" alt=\"\" class=\"wp-image-683\" style=\"aspect-ratio:1.7777777777777777;object-fit:cover;width:254px;height:auto\" srcset=\"https:\/\/www.editionsmerlin.com\/wp-content\/uploads\/2024\/09\/IMG_7910-scaled.jpg 2560w, https:\/\/www.editionsmerlin.com\/wp-content\/uploads\/2024\/09\/IMG_7910-scaled-600x400.jpg 600w, https:\/\/www.editionsmerlin.com\/wp-content\/uploads\/2024\/09\/IMG_7910-300x200.jpg 300w, https:\/\/www.editionsmerlin.com\/wp-content\/uploads\/2024\/09\/IMG_7910-1024x683.jpg 1024w, https:\/\/www.editionsmerlin.com\/wp-content\/uploads\/2024\/09\/IMG_7910-768x512.jpg 768w, https:\/\/www.editionsmerlin.com\/wp-content\/uploads\/2024\/09\/IMG_7910-1536x1024.jpg 1536w, https:\/\/www.editionsmerlin.com\/wp-content\/uploads\/2024\/09\/IMG_7910-2048x1365.jpg 2048w, https:\/\/www.editionsmerlin.com\/wp-content\/uploads\/2024\/09\/IMG_7910-1320x880.jpg 1320w\" sizes=\"auto, (max-width: 2560px) 100vw, 2560px\" \/><\/figure>\n\n\n\n<h2 class=\"wp-block-heading has-text-align-left has-white-color has-text-color has-link-color has-large-font-size wp-elements-0a617def81126e8e5fc105f6cfb88470\" style=\"font-style:normal;font-weight:300\">Cas n\u00b0 2 : Une institution inspir\u00e9e<\/h2>\n\n\n\n<p class=\"has-text-align-justify has-white-color has-text-color has-link-color wp-elements-b657ebcab558ae67d4ba98bb5068408e\">Fa\u00eetes nous confiance pour vous accompagner lors d\u2019un \u00e9v\u00e8nement d\u2019ampleur national. Nous avons travaill\u00e9 avec toute l\u2019\u00e9quipe en charge de la c\u00e9l\u00e9bration des 120 ans de l\u2019Entente Cordiale. Cr\u00e9ation du mod\u00e8le de design de la soir\u00e9e, \u00e9dition et diffusion d\u2019une revue, des cartons d\u2019invitations personnalis\u00e9s, mise \u00e0 disposition d\u2019un photographe maison&#8230; La soir\u00e9e a \u00e9t\u00e9 un succ\u00e8s qui nous permet de renouveler l\u2019exp\u00e9rience l\u2019ann\u00e9e prochaine.<\/p>\n<\/div>\n<\/div>\n<\/div>\n<\/div>\n\n\n\n<div class=\"wp-block-buttons is-content-justification-center is-layout-flex wp-container-core-buttons-is-layout-a89b3969 wp-block-buttons-is-layout-flex\">\n<div class=\"wp-block-button has-custom-width wp-block-button__width-100 is-style-fill animated fadeIn\"><a class=\"wp-block-button__link has-luminous-dusk-gradient-background has-background wp-element-button\" href=\"https:\/\/www.editionsmerlin.com\/index.php\/demande-de-devis\/\" target=\"_blank\" rel=\"noreferrer noopener\">Faire une demande de devis<\/a><\/div>\n<\/div>\n\n\n\n<div style=\"height:12px\" aria-hidden=\"true\" class=\"wp-block-spacer\"><\/div>\n","protected":false},"excerpt":{"rendered":"<p>Notre mission : vous faire rayonner ! Vous \u00eates une entreprise, une institution, une collectivit\u00e9 ou bien une association ? Nous vous proposons notre savoir-faire pour confectionner vos id\u00e9es. Notre c\u0153ur de m\u00e9tier est \u00e0 votre disposition pour la r\u00e9alisation de catalogues d&rsquo;expositions, de pr\u00e9sentations, de publications et de revues th\u00e9matiques agr\u00e9ables au toucher et [&hellip;]<\/p>\n","protected":false},"author":1,"featured_media":530,"parent":0,"menu_order":0,"comment_status":"closed","ping_status":"closed","template":"pagesv2","meta":{"_editorskit_title_hidden":false,"_editorskit_reading_time":0,"_editorskit_is_block_options_detached":false,"_editorskit_block_options_position":"{}","footnotes":""},"class_list":["post-356","page","type-page","status-publish","has-post-thumbnail","hentry"],"jetpack_sharing_enabled":true,"_links":{"self":[{"href":"https:\/\/www.editionsmerlin.com\/index.php\/wp-json\/wp\/v2\/pages\/356","targetHints":{"allow":["GET"]}}],"collection":[{"href":"https:\/\/www.editionsmerlin.com\/index.php\/wp-json\/wp\/v2\/pages"}],"about":[{"href":"https:\/\/www.editionsmerlin.com\/index.php\/wp-json\/wp\/v2\/types\/page"}],"author":[{"embeddable":true,"href":"https:\/\/www.editionsmerlin.com\/index.php\/wp-json\/wp\/v2\/users\/1"}],"replies":[{"embeddable":true,"href":"https:\/\/www.editionsmerlin.com\/index.php\/wp-json\/wp\/v2\/comments?post=356"}],"version-history":[{"count":72,"href":"https:\/\/www.editionsmerlin.com\/index.php\/wp-json\/wp\/v2\/pages\/356\/revisions"}],"predecessor-version":[{"id":703,"href":"https:\/\/www.editionsmerlin.com\/index.php\/wp-json\/wp\/v2\/pages\/356\/revisions\/703"}],"wp:featuredmedia":[{"embeddable":true,"href":"https:\/\/www.editionsmerlin.com\/index.php\/wp-json\/wp\/v2\/media\/530"}],"wp:attachment":[{"href":"https:\/\/www.editionsmerlin.com\/index.php\/wp-json\/wp\/v2\/media?parent=356"}],"curies":[{"name":"wp","href":"https:\/\/api.w.org\/{rel}","templated":true}]}}